rs of 260006457.
3, 2693, 32183
List the prime factors of 3769485996.
2, 3, 314123833
List the prime factors of 2370909291.
3, 790303097
What are the prime factors of 1211510574?
2, 3, 22435381
List the prime factors of 766600285.
5, 11, 13938187
List the prime factors of 42506618.
2, 7, 11, 43, 131
What are the prime factors of 135176434?
2, 43, 59, 26641
List the prime factors of 612235890.
2, 3, 5, 7, 138829
List the prime factors of 3522767647.
7, 43, 2591, 4517
What are the prime factors of 567343256?
2, 109, 650623
What are the prime factors of 2196206575?
5, 7727, 11369
List the prime factors of 261440752.
2, 16340047
What are the prime factors of 100488658?
2, 50244329
What are the prime factors of 358511197?
11, 661, 49307
List the prime factors of 60049698.
2, 3, 10008283
List the prime factors of 162979074.
2, 3, 19, 158849
What are the prime factors of 50508975?
3, 5, 11, 61223
What are the prime factors of 93141361?
397, 234613
List the prime factors of 4967420794.
2, 7, 17747, 19993
List the prime factors of 4212959724.
2, 3, 3361, 34819
What are the prime factors of 5471363901?
3, 23, 83, 955363
List the prime factors of 1613989485.
3, 5, 19, 73, 1361
List the prime factors of 53080962.
2, 3, 11, 29, 27733
List the prime factors of 174004621.
7, 947, 26249
What are the prime factors of 40312819?
40312819
List the prime factors of 865958976.
2, 3, 1503401
What are the prime factors of 9685434?
2, 3, 11, 146749
List the prime factors of 49361594.
2, 83, 297359
What are the prime factors of 200290579?
113, 1772483
List the prime factors of 860288523.
3, 11939, 24019
What are the prime factors of 3922683948?
2, 3, 23, 4737541
What are the prime factors of 10969127?
13, 843779
List the prime factors of 212606488.
2, 17, 1563283
List the prime factors of 12900184.
2, 11, 47, 3119
What are the prime factors of 18251177?
7, 372473
What are the prime factors of 624325857?
3, 73, 193, 14771
What are the prime factors of 3340037418?
2, 3, 1063, 523681
List the prime factors of 481245505.
5, 13, 2713, 2729
List the prime factors of 613247312.
2, 53, 723169
What are the prime factors of 170497411?
7, 71011
What are the prime factors of 116243429?
116243429
List the prime factors of 4235987.
7, 463, 1307
What are the prime factors of 1141508297?
22259, 51283
What are the prime factors of 14011530?
2, 3, 5, 13, 37, 971
What are the prime factors of 220087608?
2, 3, 13, 705409
List the prime factors of 51837463.
127, 408169
List the prime factors of 1189473551.
7, 733, 231821
What are the prime factors of 68748972?
2, 3, 691, 8291
What are the prime factors of 71536248?
2, 3, 7, 141937
What are the prime factors of 381986367?
3, 7, 643, 28289
What are the prime factors of 81491519?
81491519
What are the prime factors of 89272617?
3, 7, 53, 80209
List the prime factors of 375553753.
19, 379, 52153
List the prime factors of 1520902816.
2, 223, 213131
List the prime factors of 806598653.
7, 16461197
List the prime factors of 2844577.
1423, 1999
What are the prime factors of 610352679?
3, 23, 8845691
List the prime factors of 61605908.
2, 7, 13, 47, 277
What are the prime factors of 329643445?
5, 19, 3469931
List the prime factors of 34340302.
2, 17170151
What are the prime factors of 1051277478?
2, 3, 175212913
What are the prime factors of 16745827?
7, 53, 45137
List the prime factors of 513433390.
2, 5, 19, 509, 5309
List the prime factors of 15640273.
11, 619, 2297
What are the prime factors of 1752538032?
2, 3, 7, 193181
What are the prime factors of 4378965375?
3, 5, 11677241
List the prime factors of 57332472.
2, 3, 1481, 1613
List the prime factors of 263546880.
2, 3, 5, 23, 373
List the prime factors of 4544524443.
3, 19, 79728499
List the prime factors of 279374204.
2, 47, 59, 89, 283
List the prime factors of 1172476091.
37, 31688543
List the prime factors of 427602460.
2, 5, 2777, 7699
What are the prime factors of 182076075?
3, 5, 37, 21871
What are the prime factors of 49062052?
2, 13, 72577
List the prime factors of 212170237.
212170237
List the prime factors of 438811.
137, 3203
List the prime factors of 840222962.
2, 420111481
What are the prime factors of 614581189?
17569, 34981
List the prime factors of 710907876.
2, 3, 7, 19, 21211
What are the prime factors of 262614137?
262614137
List the prime factors of 555527579.
23, 24153373
What are the prime factors of 60243032?
2, 89, 211, 401
What are the prime factors of 6823878751?
31, 269, 818309
What are the prime factors of 1261474679?
71, 2677, 6637
What are the prime factors of 1114818040?
2, 5, 7, 73, 54541
What are the prime factors of 39352980?
2, 3, 5, 655883
What are the prime factors of 2375087901?
3, 17, 113, 412127
What are the prime factors of 23252264?
2, 7, 23, 2579
What are the prime factors of 17568927?
3, 650701
List the prime factors of 1021341220.
2, 5, 23, 2220307
List the prime factors of 5314576788.
2, 3, 17, 23, 377563
List the prime factors of 675058363.
7, 96436909
What are the prime factors of 15849912?
2, 3, 13, 37, 1373
List the prime factors of 553120942.
2, 11, 17, 1478933
List the prime factors of 523476495.
3, 5, 17, 53, 12911
List the prime factors of 40621599.
3, 379, 11909
List the prime factors of 4685461557.
3, 7, 8513, 26209
List the prime factors of 32119569.
3, 23, 155167
What are the prime factors of 4823664?
2, 3, 100493
What are the prime factors of 1359771590?
2, 5, 135977159
List the prime factors of 288491543.
288491543
What are the prime factors of 121113874?
2, 7, 1291, 6701
List the prime factors of 191411445.
3, 5, 12760763
List the prime factors of 1914787179.
3, 212754131
What are the prime factors of 1461167559?
3, 3947, 13711
List the prime factors of 35279318.
2, 17, 1037627
List the prime factors of 9522868.
2, 2380717
What are the prime factors of 125855887?
1709, 73643
List the prime factors of 105845130.
2, 3, 5, 149, 877
List the prime factors of 182327389.
2339, 77951
What are the prime factors of 14459344?
2, 903709
List the prime factors of 1833088.
2, 14321
What are the prime factors of 37434611?
149, 277, 907
What are the prime factors of 316645923?
3, 11, 9595331
What are the prime factors of 8931657?
3, 7, 425317
What are the prime factors of 5411769018?
2, 3, 17, 463, 114593
List the prime factors of 1532339816.
2, 7, 19, 29, 53, 937
List the prime factors of 1425897176.
2, 11, 3463, 4679
List the prime factors of 905139250.
2, 5, 43, 84199
List the prime factors of 43486430.
2, 5, 13, 334511
What are the prime factors of 1081935286?
2, 540967643
List the prime factors of 389756630.
2, 5, 71, 548953
What are the prime factors of 64479490?
2, 5, 211, 30559
List the prime factors of 6267927286.
2, 71, 101, 437033
What are the prime factors of 24437982?
2, 3, 31, 37, 53, 67
What are the prime factors of 1458859583?
79, 18466577
List the prime factors of 1947850821.
3, 7, 381707
What are the prime factors of 8984490?
2, 3, 5, 23, 29, 449
What are the prime factors of 36393675?
3, 5, 139, 3491
List the prime factors of 2470591769.
421, 1181, 4969
What are the prime factors of 357858361?
7, 1223, 41801
What are the prime factors of 5795346886?
2, 7, 17, 1009, 24133
List the prime factors of 94592693.
13, 29, 83, 3023
List the prime factors of 1208894763.
3, 173, 2329277
What are the prime factors of 357519481?
11, 32501771
What are the prime factors of 8387664?
2, 3, 17, 19, 541
List the prime factors of 22732887.
3, 7577629
List the prime factors of 52747151.
31, 1701521
List the prime factors of 459590387.
1619, 283873
List the prime factors of 206753408.
2, 89, 18149
What are the prime factors of 1070931483?
3, 39664129
What are the prime factors of 1103265313?
22679, 48647
List the prime factors of 177695285.
5, 35539057
What are the prime factors of 2055052?
2, 31, 16573
List the prime factors of 68571758.
2, 139, 246661
List the prime factors of 50944939.
50944939
What are the prime factors of 67484637?
3, 11, 19, 11959
List the prime factors of 28293232.
2, 11, 160757
List the prime factors of 47220628.
2, 7, 13, 17, 587
List the prime factors of 362012182.
2, 7, 25858013
What are the prime factors of 15990817?
2053, 7789
List the prime factors of 46869898.
2, 37, 633377
What are the prime factors of 32653044